{"id":3055,"date":"2021-09-23T09:58:36","date_gmt":"2021-09-23T08:58:36","guid":{"rendered":"https:\/\/www.dolneplachtince.sk\/wp\/?page_id=3055"},"modified":"2021-09-23T10:06:21","modified_gmt":"2021-09-23T09:06:21","slug":"rekonstrukcia-parkoviska-pri-autobusovej-zastavke","status":"publish","type":"page","link":"https:\/\/www.dolneplachtince.sk\/wp\/rekonstrukcia-parkoviska-pri-autobusovej-zastavke\/","title":{"rendered":"Rekon\u0161trukcia parkoviska pri autobusovej zast\u00e1vke"},"content":{"rendered":"<p>Zverej\u0148ujeme v\u00fdzvu na predkladanie cenov\u00fdch pon\u00fak v zmysle \u00a7 117 z\u00e1kona \u010d. 343\/2015 Z.z. o verejnom obstar\u00e1van\u00ed.<br \/>\nPredmetom z\u00e1kazky je Rekon\u0161trukcia parkoviska pri autobusovej zast\u00e1vke v Doln\u00fdch<br \/>\nPlachtinciach.<\/p>\n<p><a href=\"https:\/\/www.dolneplachtince.sk\/wp\/wp-content\/uploads\/2021\/09\/V\u00fdzva-D.-Plachtince-parkovisko5-pr\u00edloh.pdf\">V\u00fdzva D. Plachtince parkovisko+5 pr\u00edloh (pdf)<\/a><br \/>\n<a href=\"https:\/\/www.dolneplachtince.sk\/wp\/wp-content\/uploads\/2021\/09\/Pr\u00edloha-1-cenov\u00e1-ponuka-na-vyplnenie.docx\">Pr\u00edloha 1 &#8211; cenov\u00e1 ponuka na vyplnenie (docx)<\/a><br \/>\n<a href=\"https:\/\/www.dolneplachtince.sk\/wp\/wp-content\/uploads\/2021\/09\/Pr\u00edloha-2-vyhl\u00e1senie-na-vyplnenie.docx\">Pr\u00edloha 2 &#8211; vyhl\u00e1senie na vyplnenie (docx)<\/a><br \/>\n<a href=\"https:\/\/www.dolneplachtince.sk\/wp\/wp-content\/uploads\/2021\/09\/Pr\u00edloha-3-n\u00e1vrh-Zmluvy-o-dielo-na-vyplnenie.docx\">Pr\u00edloha 3 &#8211; n\u00e1vrh Zmluvy o dielo na vyplnenie (docx)<\/a><br \/>\n<a href=\"https:\/\/www.dolneplachtince.sk\/wp\/wp-content\/uploads\/2021\/09\/Pr\u00edloha-5-v\u00fdkaz-v\u00fdmer-na-vyplnenie.xlsx\">Pr\u00edloha 5 &#8211; v\u00fdkaz v\u00fdmer na vyplnenie (xlsx)<\/a><\/p>\n","protected":false},"excerpt":{"rendered":"<p>Zverej\u0148ujeme v\u00fdzvu na predkladanie cenov\u00fdch pon\u00fak v zmysle \u00a7 117 z\u00e1kona \u010d. 343\/2015 Z.z. o verejnom obstar\u00e1van\u00ed. Predmetom z\u00e1kazky je Rekon\u0161trukcia parkoviska pri autobusovej zast\u00e1vke v Doln\u00fdch Plachtinciach. V\u00fdzva D. Plachtince parkovisko+5 pr\u00edloh (pdf) Pr\u00edloha 1 &#8211; cenov\u00e1 ponuka na vyplnenie (docx) Pr\u00edloha 2 &#8211; vyhl\u00e1senie na vyplnenie (docx) Pr\u00edloha 3 &#8211; n\u00e1vrh Zmluvy o dielo na vyplnenie (docx) Pr\u00edloha [&#8230;]<\/p>\n","protected":false},"author":2,"featured_media":0,"parent":0,"menu_order":0,"comment_status":"closed","ping_status":"closed","template":"","meta":{"spay_email":"","footnotes":""},"categories":[16],"tags":[],"class_list":["post-3055","page","type-page","status-publish","hentry","category-podnikatel"],"jetpack_sharing_enabled":true,"jetpack-related-posts":[{"id":3217,"url":"https:\/\/www.dolneplachtince.sk\/wp\/viacucelove-sportove-ihrisko-pre-matersku-skolu-dolne-plachtince\/","url_meta":{"origin":3055,"position":0},"title":"Viac\u00fa\u010delov\u00e9 \u0161portov\u00e9 ihrisko pre Matersk\u00fa \u0161kolu Doln\u00e9 Plachtince","date":"13. janu\u00e1ra 2022","format":false,"excerpt":"Zverej\u0148ujeme v\u00fdzvu na predkladanie cenov\u00fdch pon\u00fak v zmysle \u00a7 117 z\u00e1kona \u010d. 343\/2015 Z.z. o verejnom obstar\u00e1van\u00ed. Predmetom z\u00e1kazky je Viac\u00fa\u010delov\u00e9 \u0161portov\u00e9 ihrisko pre Matersk\u00fa \u0161kolu Doln\u00e9 Plachtince. Ihrisko pre D. Plachtince - v\u00fdzva na s\u00fa\u0165a\u017e + 5 pr\u00edloh (pdf) Pr\u00edloha \u010d.1 - cenov\u00e1 ponuka na vyplnenie (docx) Pr\u00edloha \u010d.2\u2026","rel":"","context":"V &quot;PODNIKATE\u013d&quot;","img":{"alt_text":"","src":"","width":0,"height":0},"classes":[]},{"id":1245,"url":"https:\/\/www.dolneplachtince.sk\/wp\/podnikatel\/verejne-sutaze\/rekonstrukcia-nevyuzivaneho-objektu-v-obci-na-podnikatelsku-cinnost\/","url_meta":{"origin":3055,"position":1},"title":"Rekon\u0161trukcia nevyu\u017e\u00edvan\u00e9ho objektu v obci na podnikate\u013esk\u00fa \u010dinnos\u0165","date":"18. j\u00fana 2020","format":false,"excerpt":"Rekon\u0161trukcia nevyu\u017e\u00edvan\u00e9ho objektu v obci na podnikate\u013esk\u00fa \u010dinnos\u0165\u00a0- z\u00e1kazka s n\u00edzkou hodnotou pod\u013ea \u00a7 117 z\u00e1kona NR SR \u010d. 343\/2015 Z. z. o verejnom obstar\u00e1van\u00ed (v\u00fdzva na predlo\u017eenie ponuky zo d\u0148a 18.06.2020) V\u00fdzva zo d\u0148a 18.6. + 5 pr\u00edloh Pr\u00edloha 1 - cenov\u00e1 ponuka Pr\u00edloha 2 - vyhl\u00e1senie Pr\u00edloha 3\u2026","rel":"","context":"V &quot;Oznamy&quot;","img":{"alt_text":"","src":"","width":0,"height":0},"classes":[]},{"id":2284,"url":"https:\/\/www.dolneplachtince.sk\/wp\/podnikatel\/verejne-sutaze\/dolne-plachtince-chodniky-chodnik-f\/","url_meta":{"origin":3055,"position":2},"title":"Doln\u00e9 Plachtince &#8211; chodn\u00edky &#8211; chodn\u00edk F","date":"18. decembra 2019","format":false,"excerpt":"Zverej\u0148ujeme v\u00fdzvu na predkladanie cenov\u00fdch pon\u00fak v zmysle \u00a7 117 z\u00e1kona \u010d. 343\/2015 Z.z. o verejnom obstar\u00e1van\u00ed. Predmetom z\u00e1kazky je vybudovanie chodn\u00edka \"Doln\u00e9 Plachtince - chodn\u00edky - chodn\u00edk F\". V\u00fdzva na predkladanie pon\u00fak pdf V\u00fdzva na predkladanie pon\u00fak docx Pr\u00edloha \u010d. 1 Projektov\u00e1 dokument\u00e1cia vr\u00e1tane V\u00fdkazu V\u00fdmer Pr\u00edloha \u010d. 2\u2026","rel":"","context":"V &quot;Oznamy&quot;","img":{"alt_text":"","src":"","width":0,"height":0},"classes":[]},{"id":565,"url":"https:\/\/www.dolneplachtince.sk\/wp\/podnikatel\/verejne-sutaze\/","url_meta":{"origin":3055,"position":3},"title":"Verejn\u00e9 s\u00fa\u0165a\u017ee","date":"20. novembra 2016","format":false,"excerpt":"Rekon\u0161trukcia nevyu\u017e\u00edvan\u00e9ho objektu v obci na podnikate\u013esk\u00fa \u010dinnos\u0165 Vybudovanie kamerov\u00e9ho syst\u00e9mu Rekon\u0161trukcia parkoviska pri autobusovej zast\u00e1vke","rel":"","context":"V &quot;PODNIKATE\u013d&quot;","img":{"alt_text":"","src":"","width":0,"height":0},"classes":[]},{"id":418,"url":"https:\/\/www.dolneplachtince.sk\/wp\/obcan\/tlaciva-fo\/","url_meta":{"origin":3055,"position":4},"title":"Tla\u010div\u00e1","date":"19. novembra 2016","format":false,"excerpt":"Stavebn\u00fd \u00farad Formular_F1 \u017diados\u0165 o vydanie z\u00e1v\u00e4zn\u00e9ho stanoviska dotknut\u00e9ho org\u00e1nu Formular_F2 \u017diados\u0165 o vydanie rozhodnutia o stavebnom z\u00e1mere Formular_F3 \u017diados\u0165 o zmenu rozhodnutia o stavebnom z\u00e1mere Formular_F4 \u017diados\u0165 o vydanie dolo\u017eky s\u00faladu k projektu stavby Formular_F5 \u017diados\u0165 o overenie projektu stavby Formular_F6 \u017diados\u0165 o overenie zmeny projektu stavby Formular_F7 \u017diados\u0165\u2026","rel":"","context":"V &quot;OB\u010cAN&quot;","img":{"alt_text":"","src":"","width":0,"height":0},"classes":[]},{"id":373,"url":"https:\/\/www.dolneplachtince.sk\/wp\/obec\/zakladne-dokumenty\/uzemny-plan-obce\/","url_meta":{"origin":3055,"position":5},"title":"\u00dazemn\u00fd pl\u00e1n obce","date":"13. marca 2024","format":false,"excerpt":"\u00dazemn\u00fd pl\u00e1n obce\u00a0Doln\u00e9 Plachtince bol schv\u00e1len\u00fd Obecn\u00fdm zastupite\u013estvom v Doln\u00fdch Plachtinciach d\u0148a 14.5.2019, uznesen\u00edm \u010d.11\/2019. Z\u00e1v\u00e4zn\u00e1 \u010das\u0165 \u00fazemn\u00e9ho pl\u00e1nu bola vyhl\u00e1sen\u00e1 v\u0161eobecne z\u00e1v\u00e4zn\u00fdm nariaden\u00edm \u010d. 1\/2019 VZN 1_2019 ktor\u00fdm sa vyhlasuje z\u00e1v\u00e4zn\u00e1 \u010das\u0165 \u00fazemn\u00e9ho pl\u00e1nu. pr\u00edlohy k VZN (pdf): pr\u00edloha \u010d. 1 - textov\u00e1 \u010das\u0165 \u00daPN pr\u00edloha \u010d. 2 -\u2026","rel":"","context":"V &quot;OBEC&quot;","img":{"alt_text":"","src":"","width":0,"height":0},"classes":[]}],"jetpack_likes_enabled":true,"_links":{"self":[{"href":"https:\/\/www.dolneplachtince.sk\/wp\/wp-json\/wp\/v2\/pages\/3055","targetHints":{"allow":["GET"]}}],"collection":[{"href":"https:\/\/www.dolneplachtince.sk\/wp\/wp-json\/wp\/v2\/pages"}],"about":[{"href":"https:\/\/www.dolneplachtince.sk\/wp\/wp-json\/wp\/v2\/types\/page"}],"author":[{"embeddable":true,"href":"https:\/\/www.dolneplachtince.sk\/wp\/wp-json\/wp\/v2\/users\/2"}],"replies":[{"embeddable":true,"href":"https:\/\/www.dolneplachtince.sk\/wp\/wp-json\/wp\/v2\/comments?post=3055"}],"version-history":[{"count":1,"href":"https:\/\/www.dolneplachtince.sk\/wp\/wp-json\/wp\/v2\/pages\/3055\/revisions"}],"predecessor-version":[{"id":3063,"href":"https:\/\/www.dolneplachtince.sk\/wp\/wp-json\/wp\/v2\/pages\/3055\/revisions\/3063"}],"wp:attachment":[{"href":"https:\/\/www.dolneplachtince.sk\/wp\/wp-json\/wp\/v2\/media?parent=3055"}],"wp:term":[{"taxonomy":"category","embeddable":true,"href":"https:\/\/www.dolneplachtince.sk\/wp\/wp-json\/wp\/v2\/categories?post=3055"},{"taxonomy":"post_tag","embeddable":true,"href":"https:\/\/www.dolneplachtince.sk\/wp\/wp-json\/wp\/v2\/tags?post=3055"}],"curies":[{"name":"wp","href":"https:\/\/api.w.org\/{rel}","templated":true}]}}

Rekonštrukcia parkoviska pri autobusovej zastávke

<p>Zverejňujeme výzvu na predkladanie cenových ponúk v zmysle § 117 zákona č. 343/2015 Z.z. o verejnom obstarávaní.<br />
Predmetom zákazky je Rekonštrukcia parkoviska pri autobusovej zastávke v Dolných<br />
Plachtinciach.</p>
<p><a href="https://www.dolneplachtince.sk/wp/wp-content/uploads/2021/09/Výzva-D.-Plachtince-parkovisko5-príloh.pdf">Výzva D. Plachtince parkovisko+5 príloh (pdf)</a><br />
<a href="https://www.dolneplachtince.sk/wp/wp-content/uploads/2021/09/Príloha-1-cenová-ponuka-na-vyplnenie.docx">Príloha 1 &#8211; cenová ponuka na vyplnenie (docx)</a><br />
<a href="https://www.dolneplachtince.sk/wp/wp-content/uploads/2021/09/Príloha-2-vyhlásenie-na-vyplnenie.docx">Príloha 2 &#8211; vyhlásenie na vyplnenie (docx)</a><br />
<a href="https://www.dolneplachtince.sk/wp/wp-content/uploads/2021/09/Príloha-3-návrh-Zmluvy-o-dielo-na-vyplnenie.docx">Príloha 3 &#8211; návrh Zmluvy o dielo na vyplnenie (docx)</a><br />
<a href="https://www.dolneplachtince.sk/wp/wp-content/uploads/2021/09/Príloha-5-výkaz-výmer-na-vyplnenie.xlsx">Príloha 5 &#8211; výkaz výmer na vyplnenie (xlsx)</a></p>

<p>Zverejňujeme výzvu na predkladanie cenových ponúk v zmysle § 117 zákona č. 343/2015 Z.z. o verejnom obstarávaní. Predmetom zákazky je Rekonštrukcia parkoviska pri autobusovej zastávke v Dolných Plachtinciach. Výzva D. Plachtince parkovisko+5 príloh (pdf) Príloha 1 &#8211; cenová ponuka na vyplnenie (docx) Príloha 2 &#8211; vyhlásenie na vyplnenie (docx) Príloha 3 &#8211; návrh Zmluvy o dielo na vyplnenie (docx) Príloha [&#8230;]</p>

Viacúčelové športové ihrisko pre Materskú školu Dolné Plachtince

13. januára 2022

Zverejňujeme výzvu na predkladanie cenových ponúk v zmysle § 117 zákona č. 343/2015 Z.z. o verejnom obstarávaní. Predmetom zákazky je Viacúčelové športové ihrisko pre Materskú školu Dolné Plachtince. Ihrisko pre D. Plachtince - výzva na súťaž + 5 príloh (pdf) Príloha č.1 - cenová ponuka na vyplnenie (docx) Príloha č.2…

V &quot;PODNIKATEĽ&quot;

Rekonštrukcia nevyužívaného objektu v obci na podnikateľskú činnosť

18. júna 2020

Rekonštrukcia nevyužívaného objektu v obci na podnikateľskú činnosť - zákazka s nízkou hodnotou podľa § 117 zákona NR SR č. 343/2015 Z. z. o verejnom obstarávaní (výzva na predloženie ponuky zo dňa 18.06.2020) Výzva zo dňa 18.6. + 5 príloh Príloha 1 - cenová ponuka Príloha 2 - vyhlásenie Príloha 3…

Dolné Plachtince &#8211; chodníky &#8211; chodník F

Zverejňujeme výzvu na predkladanie cenových ponúk v zmysle § 117 zákona č. 343/2015 Z.z. o verejnom obstarávaní. Predmetom zákazky je vybudovanie chodníka "Dolné Plachtince - chodníky - chodník F". Výzva na predkladanie ponúk pdf Výzva na predkladanie ponúk docx Príloha č. 1 Projektová dokumentácia vrátane Výkazu Výmer Príloha č. 2…

Verejné súťaže

Rekonštrukcia nevyužívaného objektu v obci na podnikateľskú činnosť Vybudovanie kamerového systému Rekonštrukcia parkoviska pri autobusovej zastávke

Tlačivá

Stavebný úrad Formular_F1 Žiadosť o vydanie záväzného stanoviska dotknutého orgánu Formular_F2 Žiadosť o vydanie rozhodnutia o stavebnom zámere Formular_F3 Žiadosť o zmenu rozhodnutia o stavebnom zámere Formular_F4 Žiadosť o vydanie doložky súladu k projektu stavby Formular_F5 Žiadosť o overenie projektu stavby Formular_F6 Žiadosť o overenie zmeny projektu stavby Formular_F7 Žiadosť…

V &quot;OBČAN&quot;

Územný plán obce

Územný plán obce Dolné Plachtince bol schválený Obecným zastupiteľstvom v Dolných Plachtinciach dňa 14.5.2019, uznesením č.11/2019. Záväzná časť územného plánu bola vyhlásená všeobecne záväzným nariadením č. 1/2019 VZN 1_2019 ktorým sa vyhlasuje záväzná časť územného plánu. prílohy k VZN (pdf): príloha č. 1 - textová časť ÚPN príloha č. 2 -…
